4*n**2 - 2*n + 2. What is l(r)?
10
Let z = -67 - -37. Let q = z + 42. Suppose -q = -4*x + 7*h - 2*h, -x + 2*h = -6. Let j(p) = 3*p. Determine j(x).
-6
Let v(u) = -2*u - 1. Let m be v(-3). Let i(x) = x**2 - x. Let n(k) = -3*k**2 + 7*k. Let y(a) = -2*i(a) - n(a). Determine y(m).
0
Let m(p) = 3 + 2*p - p**3 + 5*p + 3*p - 11*p + 4*p**2. Calculate m(3).
9
Suppose -5*n + 1 = 6. Let u = n - 1. Let y(p) be the first derivative of p**2/2 - 2*p - 2. Give y(u).
-4
Let o(r) = -2*r + 15. Let k = 6 - 2. Let d(f) = -f + 7. Let j(c) = k*o(c) - 9*d(c). Let y be j(4). Let v(m) = -m**2 + m - 1. Give v(y).
-1
Let n(y) = -3*y**3 + y**2 - y - 11. Let u(j) = 7*j**3 - 2*j**2 + 2*j + 23. Let c(w) = -5*n(w) - 2*u(w). Calculate c(0).
9
Let n = 11 - 6. Suppose 3 = -n*t + 8. Let p(d) = 4*d**2 - 3*d**2 - 4*d - 6 + 0 - t. Determine p(6).
5
Let f = 4 + 0. Suppose 0*j + f*o + 24 = 2*j, 5*o - 45 = -5*j. Let a = j + -5. Let s(c) = -c**3 + 6*c**2 - 4*c - 2. Determine s(a).
3
Let o(x) = -2*x + 24 - x + 2*x - 38. What is o(-6)?
-8
Let s = 9 + -4. Let t(p) = -p**3 - 4*p**2 + 6*p - 4. Let v(q) = -q**3 + q**2 + q + 1. Let g(m) = t(m) - 2*v(m). Determine g(s).
-11
Let a(z) = -z**3 + 3*z**2 - 3*z + 3. Let r = 42 + -39. Determine a(r).
-6
Let r(k) = k**3 + 3*k**2 - 4*k - 1. Let x be ((-45)/(-36))/((-2)/8). Suppose 3*a - 5*a + 8 = -2*i, -16 = -i + 5*a. Let j = i - x. Determine r(j).
-1
Let n(u) be the first derivative of u**3/6 + 3*u**2/2 - 2*u + 3. Let y(c) be the first derivative of n(c). What is y(5)?
8
Let s(d) = d**2 - 6*d - 7. Let l be s(7). Let p(m) = -m + 6. Let b be p(l). Suppose 0*t - 3*t = -b. Let c(h) = h**2 - h - 2. Calculate c(t).
0
Let t(q) = -3*q**2 + 3*q**2 + q**2 + q**2. Determine t(-2).
8
Let b(d) = d**2 + 13*d - 12. Let f be b(-14). Let r = 0 + f. Let u(j) = 3*j - 1. What is u(r)?
5
Let k(w) = 3*w**2 - w + 1. Let o be k(1). Let r(c) = -c**o + 3 + c + 2*c**3 - 2. Let b(f) = -f. Let x be b(0). Calculate r(x).
1
Let b = -4 - -2. Let v(h) = 2*h**2 + h + 1. Determine v(b).
7
Suppose 0 = -a - 2*a - 9. Let i(l) = -l**2 - l + 3. What is i(a)?
-3
Let x(u) = -7*u**2 + 6*u + u - 3*u - 5 + u**3. Determine x(7).
23
Suppose 16*h - 17*h = 8. Let t(u) = -u**3 - 8*u**2 + u + 8. Calculate t(h).
0
Let q(d) = -3*d**3 - 6*d**2 + 3*d + 6. Let a(u) = 7*u**3 + 13*u**2 - 5*u - 13. Let o(p) = 2*a(p) + 5*q(p). What is o(-5)?
4
Let p(s) = s**2 - 3*s - 3. Let n(g) = g**3 - 7*g**2 - 6*g - 8. Let y be n(8). Suppose 0 = 2*l - 8 - y. Suppose -r + l = r. What is p(r)?
1
Let x be (-3 + 2)/((-1)/4). Suppose -4*d = 19 - 3. Let z(y) = -y + 1. Let s(c) = 5*c - 5. Let h(b) = d*z(b) - s(b). Calculate h(x).
-3
Let c(t) be the second derivative of 2*t + 0 + 1/20*t**5 + 5/12*t**4 + 1/3*t**3 + 1/2*t**2. Suppose 4*g + 1 = -15, s - 4*g - 12 = 0. Give c(s).
9
Let b(i) = -i - i + 1 - 2*i - i**2. Suppose 7 = -3*l + 19. Let a be 106/(-22) + l/(-22). What is b(a)?
-4
Suppose 4*f = 1 - 9. Let v(d) = 3*d**2 + 4*d + 2. Calculate v(f).
6
Suppose -3*f = -5*r + 9, -4 = f - 2*r - 0*r. Let w(v) be the second derivative of 0*v**3 + 1/20*v**5 + 0 - 3*v + 1/3*v**4 + 2*v**f. What is w(-4)?
4
Let i(b) = b**2 - 2*b - 6. Let r be i(0). Let q(z) = -z - 6. Calculate q(r).
0
Let z(j) = 3*j + 9. Let u(v) = 2*v + 4. Suppose -i - 2*q + 9 = -4, -5*i + 5*q = -20. Let n(x) = i*u(x) - 4*z(x). Determine n(6).
4
Let l(f) = -f**2 - f + 6. Let w be 4 - (5 + -1 + 0). Determine l(w).
6
Let v(a) = 2*a - 3*a - 1 + 5*a - 3*a. Suppose 4*c = b + 9, -2*b = 5*c + b - 7. Give v(c).
1
Let v(a) be the third derivative of -a**8/6720 - a**7/840 - a**6/720 + a**5/40 + a**4/24 - a**2. Let y(m) be the second derivative of v(m). What is y(-3)?
6
Let d(k) = 0*k - 2 + 0 + 2*k. What is d(4)?
6
Let k = -2 + 6. Let t(m) = 2 - m - 5 + k + 0*m. Give t(5).
-4
Let t(w) = -5*w**2 - 7*w - 14. Let p(r) = 2*r**2 + 3*r + 7. Let d(o) = -7*p(o) - 3*t(o). What is d(0)?
-7
Let l(g) = g + 8. Let t(h) = 2*h + 15. Let q(v) = -11*l(v) + 6*t(v). Suppose 0*b - 12 = -4*b. Calculate q(b).
5
Let y(l) = l**3 + 3*l**2 - 2*l - 17. Let d(o) = 3*o**3 + 10*o**2 - 7*o - 52. Let z(t) = -2*d(t) + 7*y(t). Give z(0).
-15
Let c(b) = 4*b**2 + b + 4. Let g(u) = -3*u**2 - u - 3. Let t(f) = -4*c(f) - 5*g(f). Suppose -z = 4*z + 45. Let i = 7 + z. Calculate t(i).
-7
Let a be ((-2)/(-3))/((-9)/(-27)). Let z(o) = 7*o - 4*o**a - 1 - 7*o. Give z(1).
-5
Let h(y) = y**3 + 3*y**2 - 3*y - 4. Let g be 4/(-10) - 14/(-10). Suppose 0 = -2*z + 3*z - 5. Suppose -z*m = o + 11 - g, -5*m - 4*o = -5. Calculate h(m).
5
Let x be 9 + (-4)/4 + 0. Suppose -w + 2*t - 5 = 0, x + 8 = 4*t. Let f(i) = -i**2 + i + 4. Calculate f(w).
-2
Suppose -3*t - 2 = -2*d, 3*d - d - 2 = -3*t. Let l(s) = -6*s**3. Give l(d).
-6
Let t(o) be the third derivative of -1/6*o**3 + 1/60*o**5 + 0*o - 3*o**2 + 1/24*o**4 - 1/20*o**6 + 0. Let n be 3/6*(-2)/(-1). Calculate t(n).
-5
Let g(p) = -p**2 - 4*p. Let b(m) = m**3 + 5*m**2 - 7*m - 2. Let z be b(-6). Suppose 0 = -3*v - v + z*w - 20, w = -5*v - 19. What is g(v)?
0
Suppose 5 - 17 = g + 5*x, -3*g + 3 = 2*x. Let z be (-1)/2*0/g. Suppose 25 = 5*t - z*t. Let k(v) = v**2 - 4*v - 7. What is k(t)?
-2
Suppose -3*n + 2*f = -13, -n + 19 = -2*f + 5*f. Let c(y) = 6*y**2 - 12*y**2 + n*y**2 - 2*y + 3*y. Calculate c(-3).
6
Let j(v) = 4*v - 3. Let r be (-6)/(-4) - (-44)/(-8). Give j(r).
-19
Let a(m) = -3*m**2 - m. Let y be a(-1). Let v be -28*(6/4 + y). Suppose 3*p + 4 = -2*c + 18, 4*p = 2*c + v. Let w(b) = 3*b**3 + b - 1. Give w(c).
3
Let z(p) = p**3 - 12*p**2 - 14*p + 7. Suppose -6*l = -9*l - 15, -5*l - 64 = -3*h. Give z(h).
-6
Let w(j) = -5*j**2 - j + 1. Let c = -28 + 29. What is w(c)?
-5
Let d(c) = 6*c**3 - 5*c**3 + 20 - 22 + 0*c - c. Let r be (0*(-2)/4)/(-2). Calculate d(r).
-2
Let d be -4 + 4 - (-1 + -1). Suppose -d*r + 24 = -6*r. Let h(k) = k - 1. Give h(r).
-7
Let b be 3/(6/8) - -1. Suppose -4*a + 5*a = 2. Let c(f) = 7 + f - a*f + 0*f. Calculate c(b).
2
Let p(v) be the first derivative of -v**3/3 - 5*v**2/2 + 3. Determine p(-6).
-6
Suppose 3 = 4*b - b. Let n(v) = v - 2. Let f(y) = -2*y + 3. Let q(x) = -3*f(x) - 5*n(x). Determine q(b).
2
Let r(o) = 0*o + 2*o + o + 3. Let k = -15 + 13. Determine r(k).
-3
Let w(m) = 3*m. Let v(o) = -o**3 + 9*o**2 + o - 11. Let p be v(9). What is w(p)?
-6
Let g(x) = -9*x**2 - x + 3. Let d(i) = 4*i**2 + i - 2. Let t(b) = 7*d(b) + 3*g(b). What is t(-5)?
0
Let j(s) = -33*s + 20*s + 16*s. What is j(-3)?
-9
Let b(q) = q**2 + 3 + 2 + 4*q - 7. Calculate b(-4).
-2
Let z = 5 - 7. Let u(x) = 0*x - 2 + 0*x - 5*x**2 + 8*x**2. Determine u(z).
10
Let n(l) = l**2 + l + 1. Let g(t) = 5*t**2 + 6*t. Let m(s) = g(s) - 4*n(s). Suppose 2 = -4*o - 10. Give m(o).
-1
Let w(q) = -2*q + 1. Let j be 1 + 2 + -6 + 5. Calculate w(j).
-3
Let b(l) = 2*l**3 - 2*l**2 - l - 1. Let v be b(2). Let h(j) = -2*j + 6. What is h(v)?
-4
Let y(m) = -m + 9. Suppose 0 = 5*x - 3*x + 2*x. Determine y(x).
9
Let s(h) be the third derivative of -h**6/120 + h**5/12 - h**4/24 - h**3/6 + 4*h**2. Calculate s(4).
11
Let l(d) = d**3 - d**2 - 1. Let y(f) = 5*f**3 + 2*f**2 + 4*f - 10. Let o(k) = 4*l(k) - y(k). Determine o(-5).
1
Let j(b) be the first derivative of 4*b**3/3 - b**2/2 - b + 59. Calculate j(-2).
17
Let l(a) = a**2 + 4*a. Let j(k) = 5*k**2 + k. Let u be j(-1). Suppose -4 = -d + u*x, 9*d + 4*x + 28 = 4*d. Give l(d).
0
Let o(a) = -4*a**2 - 2*a + 2. Let j be o(1). Let y(x) = x + 0*x - 5 + 4. Let g be y(j). Let v(p) = -p - 1. Calculate v(g).
4
Let g(b) = -b**3 + 4*b**2 - 2*b + 4. Let j be g(3). Let m(n) = n - 5. Calculate m(j).
2
Let s be (-2)/(-4) + (-18)/(-12). Let v(t) = 3*t**s - 3*t - 2*t**2 + 5*t. Calculate v(-4).
8
Let k(j) = -j + j**3 - 2*j + 4*j - 2 + j**2. Let v(x) = x**3 - 10*x**2 + 9*x - 2. Let n be v(9). What is k(n)?
-8
Let t(x) = 17*x**3 + 2*x**2 + 1 - 7*x**3 - 2*x**2. Give t(-1).
-9
Let s(b) be the first derivative of b + 3 - b**2 - 1/3*b**4 - 1/20*b**5 + 1/6*b**3. Let n(x) be the first derivative of s(x). Determine n(-4).
-6
Let s(k) be the first derivative of -k**3/3 + 4*k**2 - k - 13. Give s(8).
-1
Let v(y) = -1 + 2*y**3 - y + y**2 + 4*y**3 - 5*y**3. Let b be (1 - 4 - -5) + -4. Calculate v(b).
-3
Let m(x) = -85 + x + 177 - 82. Calculate m(-7).
3
Let w(u) = -u**3 + 8*u**2 - 5*u - 7. Let d(r) = 4*r - 13. Let a be d(5). Calculate w(a).
7
Let g(z) = 7 + 5*z**2 - 4*z**2 - 4*z + 0*z - 3*z. Let o(c) = -c**2 + 3*c - 3. Let 